{"id":70,"date":"2019-02-25T10:31:16","date_gmt":"2019-02-25T09:31:16","guid":{"rendered":"http:\/\/rings-production.be\/?page_id=70"},"modified":"2021-04-25T10:51:17","modified_gmt":"2021-04-25T08:51:17","slug":"magie","status":"publish","type":"page","link":"https:\/\/rings-production.be\/index.php\/magie\/","title":{"rendered":"Magie"},"content":{"rendered":"\n<p>Je vous propose pour tous vos \u00e9v\u00e8nements, f\u00eates de familles et autres; un v\u00e9ritable spectacle de magie. Ce spectacle peut-\u00eatre jou\u00e9 devant une bonne cinquantaine de personnes, jeunes et moins jeunes et peut avoir une dur\u00e9e maximale de 45 minutes. Il peut aussi se d\u00e9cliner en plusieurs minis-repr\u00e9sentations successives de quelques minutes chacune. Alors, envie de placer votre bras dans la guillotine magique ou encore de vous faire trancher la gorge par un sabre inoffensif, je vous attends !<br><\/p>\n\n\n\n<figure class=\"wp-block-gallery columns-3 is-cropped wp-block-gallery-1 is-layout-flex wp-block-gallery-is-layout-flex\"><ul class=\"blocks-gallery-grid\"><li class=\"blocks-gallery-item\"><figure><img decoding=\"async\" loading=\"lazy\" width=\"1024\" height=\"768\" src=\"http:\/\/rings-production.be\/wp-content\/uploads\/2019\/02\/thumbnail_IMG_0050-1024x768.jpg\" alt=\"\" data-id=\"183\" data-link=\"http:\/\/rings-production.be\/thumbnail_img_0050\/\" class=\"wp-image-183\" srcset=\"https:\/\/rings-production.be\/wp-content\/uploads\/2019\/02\/thumbnail_IMG_0050-1024x768.jpg 1024w, https:\/\/rings-production.be\/wp-content\/uploads\/2019\/02\/thumbnail_IMG_0050-300x225.jpg 300w, https:\/\/rings-production.be\/wp-content\/uploads\/2019\/02\/thumbnail_IMG_0050-768x576.jpg 768w, https:\/\/rings-production.be\/wp-content\/uploads\/2019\/02\/thumbnail_IMG_0050.jpg 1280w\" sizes=\"(max-width: 706px) 89vw, (max-width: 767px) 82vw, 740px\" \/><\/figure><\/li><li class=\"blocks-gallery-item\"><figure><img decoding=\"async\" loading=\"lazy\" width=\"1024\" height=\"768\" src=\"http:\/\/rings-production.be\/wp-content\/uploads\/2019\/02\/IMG_4449-1024x768.jpg\" alt=\"\" data-id=\"180\" data-link=\"http:\/\/rings-production.be\/img_4449\/\" class=\"wp-image-180\" srcset=\"https:\/\/rings-production.be\/wp-content\/uploads\/2019\/02\/IMG_4449-1024x768.jpg 1024w, https:\/\/rings-production.be\/wp-content\/uploads\/2019\/02\/IMG_4449-300x225.jpg 300w, https:\/\/rings-production.be\/wp-content\/uploads\/2019\/02\/IMG_4449-768x576.jpg 768w\" sizes=\"(max-width: 706px) 89vw, (max-width: 767px) 82vw, 740px\" \/><\/figure><\/li><li class=\"blocks-gallery-item\"><figure><img decoding=\"async\" loading=\"lazy\" width=\"1024\" height=\"768\" src=\"http:\/\/rings-production.be\/wp-content\/uploads\/2019\/02\/thumbnail_IMG_0049-1024x768.jpg\" alt=\"\" data-id=\"182\" data-link=\"http:\/\/rings-production.be\/thumbnail_img_0049\/\" class=\"wp-image-182\" srcset=\"https:\/\/rings-production.be\/wp-content\/uploads\/2019\/02\/thumbnail_IMG_0049-1024x768.jpg 1024w, https:\/\/rings-production.be\/wp-content\/uploads\/2019\/02\/thumbnail_IMG_0049-300x225.jpg 300w, https:\/\/rings-production.be\/wp-content\/uploads\/2019\/02\/thumbnail_IMG_0049-768x576.jpg 768w, https:\/\/rings-production.be\/wp-content\/uploads\/2019\/02\/thumbnail_IMG_0049.jpg 1280w\" sizes=\"(max-width: 706px) 89vw, (max-width: 767px) 82vw, 740px\" \/><\/figure><\/li><li class=\"blocks-gallery-item\"><figure><img decoding=\"async\" loading=\"lazy\" width=\"720\" height=\"960\" src=\"http:\/\/rings-production.be\/wp-content\/uploads\/2020\/06\/24A54390-7AFB-412E-BAEB-697CFD4EF4F3.jpeg\" alt=\"\" data-id=\"603\" data-link=\"http:\/\/rings-production.be\/index.php\/magie\/24a54390-7afb-412e-baeb-697cfd4ef4f3\/\" class=\"wp-image-603\" srcset=\"https:\/\/rings-production.be\/wp-content\/uploads\/2020\/06\/24A54390-7AFB-412E-BAEB-697CFD4EF4F3.jpeg 720w, https:\/\/rings-production.be\/wp-content\/uploads\/2020\/06\/24A54390-7AFB-412E-BAEB-697CFD4EF4F3-225x300.jpeg 225w\" sizes=\"(max-width: 720px) 100vw, 720px\" \/><\/figure><\/li><li class=\"blocks-gallery-item\"><figure><img decoding=\"async\" loading=\"lazy\" width=\"1024\" height=\"768\" src=\"http:\/\/rings-production.be\/wp-content\/uploads\/2020\/06\/0FF77B71-BF6C-4E20-A249-5731CFA44DE2-1024x768.jpeg\" alt=\"\" data-id=\"604\" data-full-url=\"http:\/\/rings-production.be\/wp-content\/uploads\/2020\/06\/0FF77B71-BF6C-4E20-A249-5731CFA44DE2-scaled.jpeg\" data-link=\"http:\/\/rings-production.be\/index.php\/magie\/0ff77b71-bf6c-4e20-a249-5731cfa44de2\/\" class=\"wp-image-604\" srcset=\"https:\/\/rings-production.be\/wp-content\/uploads\/2020\/06\/0FF77B71-BF6C-4E20-A249-5731CFA44DE2-1024x768.jpeg 1024w, https:\/\/rings-production.be\/wp-content\/uploads\/2020\/06\/0FF77B71-BF6C-4E20-A249-5731CFA44DE2-300x225.jpeg 300w, https:\/\/rings-production.be\/wp-content\/uploads\/2020\/06\/0FF77B71-BF6C-4E20-A249-5731CFA44DE2-768x576.jpeg 768w, https:\/\/rings-production.be\/wp-content\/uploads\/2020\/06\/0FF77B71-BF6C-4E20-A249-5731CFA44DE2-1536x1152.jpeg 1536w, https:\/\/rings-production.be\/wp-content\/uploads\/2020\/06\/0FF77B71-BF6C-4E20-A249-5731CFA44DE2-2048x1536.jpeg 2048w\" sizes=\"(max-width: 706px) 89vw, (max-width: 767px) 82vw, 740px\" \/><\/figure><\/li><li class=\"blocks-gallery-item\"><figure><img decoding=\"async\" loading=\"lazy\" width=\"1024\" height=\"768\" src=\"http:\/\/rings-production.be\/wp-content\/uploads\/2020\/06\/BB58017C-2E8B-4925-9764-31933CCAAC28-1024x768.jpeg\" alt=\"\" data-id=\"605\" data-full-url=\"http:\/\/rings-production.be\/wp-content\/uploads\/2020\/06\/BB58017C-2E8B-4925-9764-31933CCAAC28-scaled.jpeg\" data-link=\"http:\/\/rings-production.be\/index.php\/magie\/bb58017c-2e8b-4925-9764-31933ccaac28\/\" class=\"wp-image-605\" srcset=\"https:\/\/rings-production.be\/wp-content\/uploads\/2020\/06\/BB58017C-2E8B-4925-9764-31933CCAAC28-1024x768.jpeg 1024w, https:\/\/rings-production.be\/wp-content\/uploads\/2020\/06\/BB58017C-2E8B-4925-9764-31933CCAAC28-300x225.jpeg 300w, https:\/\/rings-production.be\/wp-content\/uploads\/2020\/06\/BB58017C-2E8B-4925-9764-31933CCAAC28-768x576.jpeg 768w, https:\/\/rings-production.be\/wp-content\/uploads\/2020\/06\/BB58017C-2E8B-4925-9764-31933CCAAC28-1536x1152.jpeg 1536w, https:\/\/rings-production.be\/wp-content\/uploads\/2020\/06\/BB58017C-2E8B-4925-9764-31933CCAAC28-2048x1536.jpeg 2048w\" sizes=\"(max-width: 706px) 89vw, (max-width: 767px) 82vw, 740px\" \/><\/figure><\/li><li class=\"blocks-gallery-item\"><figure><img decoding=\"async\" loading=\"lazy\" width=\"1024\" height=\"768\" src=\"http:\/\/rings-production.be\/wp-content\/uploads\/2020\/06\/977D899A-8DC0-4383-A6A0-80C476426630-1024x768.jpeg\" alt=\"\" data-id=\"606\" data-full-url=\"http:\/\/rings-production.be\/wp-content\/uploads\/2020\/06\/977D899A-8DC0-4383-A6A0-80C476426630-scaled.jpeg\" data-link=\"http:\/\/rings-production.be\/index.php\/magie\/977d899a-8dc0-4383-a6a0-80c476426630\/\" class=\"wp-image-606\" srcset=\"https:\/\/rings-production.be\/wp-content\/uploads\/2020\/06\/977D899A-8DC0-4383-A6A0-80C476426630-1024x768.jpeg 1024w, https:\/\/rings-production.be\/wp-content\/uploads\/2020\/06\/977D899A-8DC0-4383-A6A0-80C476426630-300x225.jpeg 300w, https:\/\/rings-production.be\/wp-content\/uploads\/2020\/06\/977D899A-8DC0-4383-A6A0-80C476426630-768x576.jpeg 768w, https:\/\/rings-production.be\/wp-content\/uploads\/2020\/06\/977D899A-8DC0-4383-A6A0-80C476426630-1536x1152.jpeg 1536w, https:\/\/rings-production.be\/wp-content\/uploads\/2020\/06\/977D899A-8DC0-4383-A6A0-80C476426630-2048x1536.jpeg 2048w\" sizes=\"(max-width: 706px) 89vw, (max-width: 767px) 82vw, 740px\" \/><\/figure><\/li><li class=\"blocks-gallery-item\"><figure><img decoding=\"async\" loading=\"lazy\" width=\"720\" height=\"960\" src=\"http:\/\/rings-production.be\/wp-content\/uploads\/2020\/06\/3213195B-2C12-43E8-B1D7-AB76075E26BF.jpeg\" alt=\"\" data-id=\"607\" data-full-url=\"http:\/\/rings-production.be\/wp-content\/uploads\/2020\/06\/3213195B-2C12-43E8-B1D7-AB76075E26BF.jpeg\" data-link=\"http:\/\/rings-production.be\/index.php\/magie\/3213195b-2c12-43e8-b1d7-ab76075e26bf\/\" class=\"wp-image-607\" srcset=\"https:\/\/rings-production.be\/wp-content\/uploads\/2020\/06\/3213195B-2C12-43E8-B1D7-AB76075E26BF.jpeg 720w, https:\/\/rings-production.be\/wp-content\/uploads\/2020\/06\/3213195B-2C12-43E8-B1D7-AB76075E26BF-225x300.jpeg 225w\" sizes=\"(max-width: 720px) 100vw, 720px\" \/><\/figure><\/li><li class=\"blocks-gallery-item\"><figure><img decoding=\"async\" loading=\"lazy\" width=\"720\" height=\"960\" src=\"http:\/\/rings-production.be\/wp-content\/uploads\/2020\/06\/84EAB7A6-5B52-4116-AFC8-49180EFEC594.jpeg\" alt=\"\" data-id=\"608\" data-full-url=\"http:\/\/rings-production.be\/wp-content\/uploads\/2020\/06\/84EAB7A6-5B52-4116-AFC8-49180EFEC594.jpeg\" data-link=\"http:\/\/rings-production.be\/index.php\/magie\/84eab7a6-5b52-4116-afc8-49180efec594\/\" class=\"wp-image-608\" srcset=\"https:\/\/rings-production.be\/wp-content\/uploads\/2020\/06\/84EAB7A6-5B52-4116-AFC8-49180EFEC594.jpeg 720w, https:\/\/rings-production.be\/wp-content\/uploads\/2020\/06\/84EAB7A6-5B52-4116-AFC8-49180EFEC594-225x300.jpeg 225w\" sizes=\"(max-width: 720px) 100vw, 720px\" \/><\/figure><\/li><\/ul><\/figure>\n\n\n\n<figure class=\"wp-block-video\"><video controls poster=\"http:\/\/rings-production.be\/wp-content\/uploads\/2020\/05\/Joker-Tube.jpg\" src=\"http:\/\/rings-production.be\/wp-content\/uploads\/2020\/05\/Final-Joker-Tube-Low-1000Kbs.mp4\"><\/video><\/figure>\n\n\n\n<figure class=\"wp-block-video\"><video controls poster=\"http:\/\/rings-production.be\/wp-content\/uploads\/2020\/05\/Guillotine.jpg\" src=\"http:\/\/rings-production.be\/wp-content\/uploads\/2020\/05\/Guillotine-Low-1000Kbs.mp4\"><\/video><\/figure>\n\n\n\n<figure class=\"wp-block-video\"><video controls poster=\"https:\/\/rings-production.be\/wp-content\/uploads\/2020\/11\/Cubus-1.jpg\" src=\"https:\/\/rings-production.be\/wp-content\/uploads\/2020\/11\/Cubus-1000-Kbps-1.mp4\"><\/video><\/figure>\n\n\n\n<p><\/p>\n\n\n\n<figure class=\"wp-block-video\"><video controls poster=\"https:\/\/rings-production.be\/wp-content\/uploads\/2020\/11\/Les-anneaux-chinois.jpg\" src=\"https:\/\/rings-production.be\/wp-content\/uploads\/2020\/11\/Les-anneaux-chinois-1000-Kbps.mp4\"><\/video><\/figure>\n\n\n\n<figure class=\"wp-block-video\"><video controls poster=\"https:\/\/rings-production.be\/wp-content\/uploads\/2020\/11\/Le-verre-fakir.jpg\" src=\"https:\/\/rings-production.be\/wp-content\/uploads\/2020\/11\/Le-verre-fakir-1000-Kbps.mp4\"><\/video><\/figure>\n\n\n\n<figure class=\"wp-block-video\"><video controls poster=\"https:\/\/rings-production.be\/wp-content\/uploads\/2020\/11\/Les-bols-de-riz.jpg\" src=\"https:\/\/rings-production.be\/wp-content\/uploads\/2020\/11\/Les-bols-de-riz-1000-Kbps.mp4\"><\/video><\/figure>\n\n\n\n<p><\/p>\n\n\n\n<figure class=\"wp-block-video\"><video controls poster=\"http:\/\/rings-production.be\/wp-content\/uploads\/2020\/05\/La-bille-\u00e0-travers-la-main.jpg\" src=\"http:\/\/rings-production.be\/wp-content\/uploads\/2020\/05\/La-bille-\u00e0-travers-la-main-Low-1000Kbs.mp4\"><\/video><\/figure>\n\n\n\n<figure class=\"wp-block-video\"><video controls poster=\"http:\/\/rings-production.be\/wp-content\/uploads\/2020\/05\/L\u00e9p\u00e9e-\u00e0-travers-le-cou.jpg\" src=\"http:\/\/rings-production.be\/wp-content\/uploads\/2020\/05\/L-\u00e9p\u00e9e-\u00e0-travers-le-cou-Low-1000Kbs.mp4\"><\/video><\/figure>\n\n\n\n<p><\/p>\n\n\n\n<figure class=\"wp-block-video\"><video controls poster=\"http:\/\/rings-production.be\/wp-content\/uploads\/2020\/05\/Le-tube-\u00e0-bonbons.jpg\" src=\"http:\/\/rings-production.be\/wp-content\/uploads\/2020\/05\/Le-tube-\u00e0-bonbons-Low-1000Kbs.mp4\"><\/video><\/figure>\n\n\n\n<figure class=\"wp-block-video\"><video controls poster=\"http:\/\/rings-production.be\/wp-content\/uploads\/2020\/05\/Final-Le-d\u00e9-balladeur.jpg\" src=\"http:\/\/rings-production.be\/wp-content\/uploads\/2020\/05\/Le-d\u00e9-balladeur-Low-1000Kbs.mp4\"><\/video><\/figure>\n\n\n\n<figure class=\"wp-block-video\"><video controls poster=\"https:\/\/rings-production.be\/wp-content\/uploads\/2020\/11\/La-paille-geante.jpg\" src=\"https:\/\/rings-production.be\/wp-content\/uploads\/2020\/11\/La-paille-geante-1000-Kbps.mp4\"><\/video><\/figure>\n\n\n\n<figure class=\"wp-block-video\"><video controls poster=\"https:\/\/rings-production.be\/wp-content\/uploads\/2020\/11\/Mentalisme-4-couleurs.jpg\" src=\"https:\/\/rings-production.be\/wp-content\/uploads\/2020\/11\/Mentalisme-4-couleurs-1000-Kbps.mp4\"><\/video><\/figure>\n\n\n\n<p><\/p>\n\n\n\n<p><\/p>\n\n\n\n<figure class=\"wp-block-video\"><video controls poster=\"http:\/\/rings-production.be\/wp-content\/uploads\/2020\/05\/Les-Cartes-Magiques.jpg\" src=\"http:\/\/rings-production.be\/wp-content\/uploads\/2020\/05\/Les-Cartes-Magiques-Low-1000Kbs.mp4\"><\/video><\/figure>\n\n\n\n<figure class=\"wp-block-video\"><video controls poster=\"http:\/\/rings-production.be\/wp-content\/uploads\/2020\/05\/Le-Svengali.jpg\" src=\"http:\/\/rings-production.be\/wp-content\/uploads\/2020\/05\/Le-Svengali-Low-1000Kbs.mp4\"><\/video><\/figure>\n\n\n\n<p><\/p>\n\n\n\n<figure class=\"wp-block-video\"><video controls poster=\"https:\/\/rings-production.be\/wp-content\/uploads\/2020\/11\/Mentalisme-stars.jpg\" src=\"https:\/\/rings-production.be\/wp-content\/uploads\/2020\/11\/Mentalisme-stars-1000-kbps.mp4\"><\/video><\/figure>\n\n\n\n<p><\/p>\n\n\n\n<figure class=\"wp-block-video\"><video controls poster=\"http:\/\/rings-production.be\/wp-content\/uploads\/2020\/05\/Le-Bonneteay-G\u00e9ant.jpg\" src=\"http:\/\/rings-production.be\/wp-content\/uploads\/2020\/05\/Le-Bonneteau-G\u00e9ant-Low-1000Kbs.mp4\"><\/video><\/figure>\n\n\n\n<p><\/p>\n\n\n\n<figure class=\"wp-block-video\"><video controls poster=\"http:\/\/rings-production.be\/wp-content\/uploads\/2020\/05\/Jack-and-Jill.jpg\" src=\"http:\/\/rings-production.be\/wp-content\/uploads\/2020\/05\/Jack-and-Jill-Low-1000Kbs.mp4\"><\/video><\/figure>\n\n\n\n<figure class=\"wp-block-video\"><video controls poster=\"http:\/\/rings-production.be\/wp-content\/uploads\/2020\/05\/Le-journal-magique.jpg\" src=\"http:\/\/rings-production.be\/wp-content\/uploads\/2020\/05\/Le-journal-magique-Low-1000Kbs.mp4\"><\/video><\/figure>\n\n\n\n<p><\/p>\n\n\n\n<figure class=\"wp-block-video\"><video controls poster=\"http:\/\/rings-production.be\/wp-content\/uploads\/2020\/05\/Les-pompons.jpg\" src=\"http:\/\/rings-production.be\/wp-content\/uploads\/2020\/05\/Les-pompons-1000Kbs.mp4\"><\/video><\/figure>\n\n\n\n<figure class=\"wp-block-video\"><video controls poster=\"https:\/\/rings-production.be\/wp-content\/uploads\/2020\/11\/La-Carte-Jumbo.jpg\" src=\"https:\/\/rings-production.be\/wp-content\/uploads\/2020\/11\/La-carte-Jumbo-et-le-plateau-1000-Kbps.mp4\"><\/video><\/figure>\n\n\n\n<p><\/p>\n\n\n\n<figure class=\"wp-block-video\"><video controls poster=\"http:\/\/rings-production.be\/wp-content\/uploads\/2020\/05\/Coca-Cola-Zig-Zag.jpg\" src=\"http:\/\/rings-production.be\/wp-content\/uploads\/2020\/05\/Coca-Cola-Zig-Zag-Low-1000Kbs.mp4\"><\/video><\/figure>\n\n\n\n<figure class=\"wp-block-video\"><video controls poster=\"http:\/\/rings-production.be\/wp-content\/uploads\/2020\/05\/Les-disques.jpg\" src=\"http:\/\/rings-production.be\/wp-content\/uploads\/2020\/05\/Les-disques-Low-1000Kbs.mp4\"><\/video><\/figure>\n\n\n\n<figure class=\"wp-block-video\"><video controls poster=\"http:\/\/rings-production.be\/wp-content\/uploads\/2020\/05\/La-Bo\u00eetes-aux-poignards.jpg\" src=\"http:\/\/rings-production.be\/wp-content\/uploads\/2020\/05\/La-Bo\u00eetes-aux-poignards-Low-1000Kbs.mp4\"><\/video><\/figure>\n\n\n\n<figure class=\"wp-block-video\"><video controls poster=\"http:\/\/rings-production.be\/wp-content\/uploads\/2020\/05\/La-Carte-\u00e0-Pions.jpg\" src=\"http:\/\/rings-production.be\/wp-content\/uploads\/2020\/05\/La-Carte-\u00e0-Pions-Low-1000Kbs.mp4\"><\/video><\/figure>\n\n\n\n<figure class=\"wp-block-video\"><video controls poster=\"https:\/\/rings-production.be\/wp-content\/uploads\/2020\/11\/Le-canard-et-l-epee-1.jpg\" src=\"https:\/\/rings-production.be\/wp-content\/uploads\/2020\/11\/Le-canard-et-lepee-1000-Kbps-1.mp4\"><\/video><\/figure>\n\n\n\n<p><\/p>\n\n\n\n<figure class=\"wp-block-video\"><video controls poster=\"https:\/\/rings-production.be\/wp-content\/uploads\/2020\/11\/La-boite-hydrostatique.jpg\" src=\"https:\/\/rings-production.be\/wp-content\/uploads\/2020\/11\/La-boite-hydrostatiquel-1000-Kbps.mp4\"><\/video><\/figure>\n\n\n\n<p><\/p>\n\n\n\n<figure class=\"wp-block-video\"><video controls poster=\"https:\/\/rings-production.be\/wp-content\/uploads\/2020\/11\/Le-sabre.jpg\" src=\"https:\/\/rings-production.be\/wp-content\/uploads\/2020\/11\/Le-sabre-dans-la-gorge-1000-Kbps.mp4\"><\/video><\/figure>\n\n\n\n<figure class=\"wp-block-video\"><video controls poster=\"https:\/\/rings-production.be\/wp-content\/uploads\/2020\/11\/Les-bouteilles-folles.jpg\" src=\"https:\/\/rings-production.be\/wp-content\/uploads\/2020\/11\/Les-bouteilles-folles-1000-Kbps.mp4\"><\/video><\/figure>\n\n\n\n<figure class=\"wp-block-video\"><video controls poster=\"https:\/\/rings-production.be\/wp-content\/uploads\/2020\/11\/Corde-et-carafe-hindoues.jpg\" src=\"https:\/\/rings-production.be\/wp-content\/uploads\/2020\/11\/La-corde-et-la-carafe-Hindoues-1000-Kbps.mp4\"><\/video><\/figure>\n\n\n\n<p><\/p>\n\n\n\n<figure class=\"wp-block-video\"><video controls poster=\"https:\/\/rings-production.be\/wp-content\/uploads\/2020\/11\/Echiquier.jpg\" src=\"https:\/\/rings-production.be\/wp-content\/uploads\/2020\/11\/Lechiquier-blanc-et-rouge-1000-Kbps.mp4\"><\/video><\/figure>\n\n\n\n<figure class=\"wp-block-video\"><video controls poster=\"https:\/\/rings-production.be\/wp-content\/uploads\/2020\/11\/Cartes-cadennassees.jpg\" src=\"https:\/\/rings-production.be\/wp-content\/uploads\/2020\/11\/Les-cartes-cadennassees-1000-Kbps.mp4\"><\/video><\/figure>\n\n\n\n<figure class=\"wp-block-video\"><video controls poster=\"https:\/\/rings-production.be\/wp-content\/uploads\/2020\/11\/La-carte-qui-sevade.jpg\" src=\"https:\/\/rings-production.be\/wp-content\/uploads\/2020\/11\/La-carte-sevade-1000-Kbps.mp4\"><\/video><\/figure>\n\n\n\n<p><\/p>\n\n\n\n<p><\/p>\n\n\n\n<p><\/p>\n\n\n\n<p><\/p>\n","protected":false},"excerpt":{"rendered":"<p>Je vous propose pour tous vos \u00e9v\u00e8nements, f\u00eates de familles et autres; un v\u00e9ritable spectacle de magie. Ce spectacle peut-\u00eatre jou\u00e9 devant une bonne cinquantaine de personnes, jeunes et moins jeunes et peut avoir une dur\u00e9e maximale de 45 minutes. Il peut aussi se d\u00e9cliner en plusieurs minis-repr\u00e9sentations successives de quelques minutes chacune. Alors, envie &hellip; <\/p>\n<p class=\"link-more\"><a href=\"https:\/\/rings-production.be\/index.php\/magie\/\" class=\"more-link\">Continuer la lecture<span class=\"screen-reader-text\"> de &laquo;&nbsp;Magie&nbsp;&raquo;<\/span><\/a><\/p>\n","protected":false},"author":1,"featured_media":0,"parent":0,"menu_order":0,"comment_status":"closed","ping_status":"closed","template":"","meta":{"footnotes":""},"_links":{"self":[{"href":"https:\/\/rings-production.be\/index.php\/wp-json\/wp\/v2\/pages\/70"}],"collection":[{"href":"https:\/\/rings-production.be\/index.php\/wp-json\/wp\/v2\/pages"}],"about":[{"href":"https:\/\/rings-production.be\/index.php\/wp-json\/wp\/v2\/types\/page"}],"author":[{"embeddable":true,"href":"https:\/\/rings-production.be\/index.php\/wp-json\/wp\/v2\/users\/1"}],"replies":[{"embeddable":true,"href":"https:\/\/rings-production.be\/index.php\/wp-json\/wp\/v2\/comments?post=70"}],"version-history":[{"count":40,"href":"https:\/\/rings-production.be\/index.php\/wp-json\/wp\/v2\/pages\/70\/revisions"}],"predecessor-version":[{"id":760,"href":"https:\/\/rings-production.be\/index.php\/wp-json\/wp\/v2\/pages\/70\/revisions\/760"}],"wp:attachment":[{"href":"https:\/\/rings-production.be\/index.php\/wp-json\/wp\/v2\/media?parent=70"}],"curies":[{"name":"wp","href":"https:\/\/api.w.org\/{rel}","templated":true}]}}