{"id":360,"date":"2019-02-27T11:55:14","date_gmt":"2019-02-27T10:55:14","guid":{"rendered":"http:\/\/rings-production.be\/?page_id=360"},"modified":"2021-04-25T11:16:19","modified_gmt":"2021-04-25T09:16:19","slug":"travelling","status":"publish","type":"page","link":"https:\/\/rings-production.be\/index.php\/travelling\/","title":{"rendered":"Travelling"},"content":{"rendered":"\n<p>Je peux vous proposer pour toutes vos captations et autres r\u00e9alisations vid\u00e9o ce rail de travelling &#8220;Willy Go&#8221;. Il se compose de 12 m\u00e8tres de rails droits ainsi qu&#8217;un cercle complet de 3 m\u00e8tres 50 de diam\u00e8tre. Les rails droits pouvant se combiner aux rails courbes (1\/8 de cercle chacun). La seule exigence est d&#8217;avoir un sol en dur plat et droit. Enfin, ce plateau de travelling se combine tr\u00e8s bien avec ma petite grue, vous obtiendrez alors des r\u00e9sultats \u00e9poustouflants !<\/p>\n\n\n\n<figure class=\"wp-block-image size-large\"><img decoding=\"async\" loading=\"lazy\" width=\"1024\" height=\"576\" src=\"https:\/\/rings-production.be\/wp-content\/uploads\/2021\/01\/Travelling-1024x576.jpg\" alt=\"\" class=\"wp-image-748\" srcset=\"https:\/\/rings-production.be\/wp-content\/uploads\/2021\/01\/Travelling-1024x576.jpg 1024w, https:\/\/rings-production.be\/wp-content\/uploads\/2021\/01\/Travelling-300x169.jpg 300w, https:\/\/rings-production.be\/wp-content\/uploads\/2021\/01\/Travelling-768x432.jpg 768w, https:\/\/rings-production.be\/wp-content\/uploads\/2021\/01\/Travelling-1536x864.jpg 1536w, https:\/\/rings-production.be\/wp-content\/uploads\/2021\/01\/Travelling-2048x1152.jpg 2048w\" sizes=\"(max-width: 706px) 89vw, (max-width: 767px) 82vw, 740px\" \/><\/figure>\n\n\n\n<figure class=\"wp-block-gallery columns-3 is-cropped wp-block-gallery-1 is-layout-flex wp-block-gallery-is-layout-flex\"><ul class=\"blocks-gallery-grid\"><li class=\"blocks-gallery-item\"><figure><img decoding=\"async\" loading=\"lazy\" width=\"1024\" height=\"768\" src=\"http:\/\/rings-production.be\/wp-content\/uploads\/2019\/02\/IMG_1588-1024x768.jpg\" alt=\"\" data-id=\"314\" data-link=\"http:\/\/rings-production.be\/img_1588\/\" class=\"wp-image-314\" srcset=\"https:\/\/rings-production.be\/wp-content\/uploads\/2019\/02\/IMG_1588-1024x768.jpg 1024w, https:\/\/rings-production.be\/wp-content\/uploads\/2019\/02\/IMG_1588-300x225.jpg 300w, https:\/\/rings-production.be\/wp-content\/uploads\/2019\/02\/IMG_1588-768x576.jpg 768w\" sizes=\"(max-width: 706px) 89vw, (max-width: 767px) 82vw, 740px\" \/><\/figure><\/li><li class=\"blocks-gallery-item\"><figure><img decoding=\"async\" loading=\"lazy\" width=\"1024\" height=\"768\" src=\"http:\/\/rings-production.be\/wp-content\/uploads\/2019\/03\/PETITE-GRUE-1024x768.jpg\" alt=\"\" data-id=\"386\" data-link=\"http:\/\/rings-production.be\/index.php\/grues-pour-cameras\/petite-grue\/\" class=\"wp-image-386\" srcset=\"https:\/\/rings-production.be\/wp-content\/uploads\/2019\/03\/PETITE-GRUE-1024x768.jpg 1024w, https:\/\/rings-production.be\/wp-content\/uploads\/2019\/03\/PETITE-GRUE-300x225.jpg 300w, https:\/\/rings-production.be\/wp-content\/uploads\/2019\/03\/PETITE-GRUE-768x576.jpg 768w, https:\/\/rings-production.be\/wp-content\/uploads\/2019\/03\/PETITE-GRUE.jpg 1440w\" sizes=\"(max-width: 706px) 89vw, (max-width: 767px) 82vw, 740px\" \/><\/figure><\/li><li class=\"blocks-gallery-item\"><figure><img decoding=\"async\" loading=\"lazy\" width=\"1024\" height=\"681\" src=\"http:\/\/rings-production.be\/wp-content\/uploads\/2019\/02\/DSC_0014-1024x681.jpg\" alt=\"\" data-id=\"299\" data-link=\"http:\/\/rings-production.be\/dsc_0014\/\" class=\"wp-image-299\" srcset=\"https:\/\/rings-production.be\/wp-content\/uploads\/2019\/02\/DSC_0014-1024x681.jpg 1024w, https:\/\/rings-production.be\/wp-content\/uploads\/2019\/02\/DSC_0014-300x199.jpg 300w, https:\/\/rings-production.be\/wp-content\/uploads\/2019\/02\/DSC_0014-768x511.jpg 768w\" sizes=\"(max-width: 706px) 89vw, (max-width: 767px) 82vw, 740px\" \/><\/figure><\/li><li class=\"blocks-gallery-item\"><figure><img decoding=\"async\" loading=\"lazy\" width=\"1024\" height=\"681\" src=\"http:\/\/rings-production.be\/wp-content\/uploads\/2019\/02\/DSC_0076-1024x681.jpg\" alt=\"\" data-id=\"305\" data-link=\"http:\/\/rings-production.be\/dsc_0076\/\" class=\"wp-image-305\" srcset=\"https:\/\/rings-production.be\/wp-content\/uploads\/2019\/02\/DSC_0076-1024x681.jpg 1024w, https:\/\/rings-production.be\/wp-content\/uploads\/2019\/02\/DSC_0076-300x199.jpg 300w, https:\/\/rings-production.be\/wp-content\/uploads\/2019\/02\/DSC_0076-768x511.jpg 768w\" sizes=\"(max-width: 706px) 89vw, (max-width: 767px) 82vw, 740px\" \/><\/figure><\/li><li class=\"blocks-gallery-item\"><figure><img decoding=\"async\" loading=\"lazy\" width=\"1024\" height=\"768\" src=\"http:\/\/rings-production.be\/wp-content\/uploads\/2019\/02\/DSCN8282-1024x768.jpg\" alt=\"\" data-id=\"307\" data-link=\"http:\/\/rings-production.be\/dscn8282\/\" class=\"wp-image-307\" srcset=\"https:\/\/rings-production.be\/wp-content\/uploads\/2019\/02\/DSCN8282-1024x768.jpg 1024w, https:\/\/rings-production.be\/wp-content\/uploads\/2019\/02\/DSCN8282-300x225.jpg 300w, https:\/\/rings-production.be\/wp-content\/uploads\/2019\/02\/DSCN8282-768x576.jpg 768w\" sizes=\"(max-width: 706px) 89vw, (max-width: 767px) 82vw, 740px\" \/><\/figure><\/li><li class=\"blocks-gallery-item\"><figure><img decoding=\"async\" loading=\"lazy\" width=\"1024\" height=\"768\" src=\"http:\/\/rings-production.be\/wp-content\/uploads\/2019\/02\/20090405-tournage-accueil-2-1024x768.jpg\" alt=\"\" data-id=\"297\" data-link=\"http:\/\/rings-production.be\/20090405-tournage-accueil-2\/\" class=\"wp-image-297\" srcset=\"https:\/\/rings-production.be\/wp-content\/uploads\/2019\/02\/20090405-tournage-accueil-2-1024x768.jpg 1024w, https:\/\/rings-production.be\/wp-content\/uploads\/2019\/02\/20090405-tournage-accueil-2-300x225.jpg 300w, https:\/\/rings-production.be\/wp-content\/uploads\/2019\/02\/20090405-tournage-accueil-2-768x576.jpg 768w\" sizes=\"(max-width: 706px) 89vw, (max-width: 767px) 82vw, 740px\" \/><\/figure><\/li><li class=\"blocks-gallery-item\"><figure><img decoding=\"async\" loading=\"lazy\" width=\"1024\" height=\"683\" src=\"http:\/\/rings-production.be\/wp-content\/uploads\/2019\/02\/IMG_5192-1024x683.jpg\" alt=\"\" data-id=\"178\" data-link=\"http:\/\/rings-production.be\/img_5192\/\" class=\"wp-image-178\" srcset=\"https:\/\/rings-production.be\/wp-content\/uploads\/2019\/02\/IMG_5192-1024x683.jpg 1024w, https:\/\/rings-production.be\/wp-content\/uploads\/2019\/02\/IMG_5192-300x200.jpg 300w, https:\/\/rings-production.be\/wp-content\/uploads\/2019\/02\/IMG_5192-768x512.jpg 768w\" sizes=\"(max-width: 706px) 89vw, (max-width: 767px) 82vw, 740px\" \/><\/figure><\/li><li class=\"blocks-gallery-item\"><figure><img decoding=\"async\" loading=\"lazy\" width=\"1024\" height=\"683\" src=\"http:\/\/rings-production.be\/wp-content\/uploads\/2019\/02\/IMG_5186-1024x683.jpg\" alt=\"\" data-id=\"177\" data-link=\"http:\/\/rings-production.be\/img_5186\/\" class=\"wp-image-177\" srcset=\"https:\/\/rings-production.be\/wp-content\/uploads\/2019\/02\/IMG_5186-1024x683.jpg 1024w, https:\/\/rings-production.be\/wp-content\/uploads\/2019\/02\/IMG_5186-300x200.jpg 300w, https:\/\/rings-production.be\/wp-content\/uploads\/2019\/02\/IMG_5186-768x512.jpg 768w\" sizes=\"(max-width: 706px) 89vw, (max-width: 767px) 82vw, 740px\" \/><\/figure><\/li><\/ul><\/figure>\n\n\n\n<p><\/p>\n\n\n\r\n\t<div class=\"slideshow_container slideshow_container_style-light\" style=\"height: 400px; \" data-slideshow-id=\"462\" data-style-name=\"style-light\" data-style-version=\"2.3.1\" >\r\n\r\n\t\t\t\t\t<div class=\"slideshow_loading_icon\"><\/div>\r\n\t\t\r\n\t\t<div class=\"slideshow_content\" style=\"display: none;\">\r\n\r\n\t\t\t<div class=\"slideshow_view\">\r\n\t\t\t\t<div class=\"slideshow_slide slideshow_slide_image\">\r\n\t\t\t\t\t\t\t\t\t\t\t<img src=\"https:\/\/rings-production.be\/wp-content\/uploads\/2019\/03\/IMG_5186.jpg\" alt=\"IMG_5186\" width=\"5616\" height=\"3744\" \/>\r\n\t\t\t\t\t\t\t\t\t\t<div class=\"slideshow_description_box slideshow_transparent\">\r\n\t\t\t\t\t\t<div class=\"slideshow_title\">IMG_5186<\/div>\t\t\t\t\t\t\t\t\t\t\t<\/div>\r\n\t\t\t\t<\/div>\r\n\r\n\t\t\t\t\t\t<div style=\"clear: both;\"><\/div><\/div><div class=\"slideshow_view\">\r\n\t\t\t\t<div class=\"slideshow_slide slideshow_slide_image\">\r\n\t\t\t\t\t\t\t\t\t\t\t<img src=\"https:\/\/rings-production.be\/wp-content\/uploads\/2019\/02\/20090405-tournage-accueil-2.jpg\" alt=\"20090405 tournage accueil (2)\" width=\"4000\" height=\"3000\" \/>\r\n\t\t\t\t\t\t\t\t\t\t<div class=\"slideshow_description_box slideshow_transparent\">\r\n\t\t\t\t\t\t<div class=\"slideshow_title\">20090405 tournage accueil (2)<\/div>\t\t\t\t\t\t\t\t\t\t\t<\/div>\r\n\t\t\t\t<\/div>\r\n\r\n\t\t\t\t\t\t<div style=\"clear: both;\"><\/div><\/div><div class=\"slideshow_view\">\r\n\t\t\t\t<div class=\"slideshow_slide slideshow_slide_image\">\r\n\t\t\t\t\t\t\t\t\t\t\t<img src=\"https:\/\/rings-production.be\/wp-content\/uploads\/2019\/02\/DSC_0014.jpg\" alt=\"DSC_0014\" width=\"3008\" height=\"2000\" \/>\r\n\t\t\t\t\t\t\t\t\t\t<div class=\"slideshow_description_box slideshow_transparent\">\r\n\t\t\t\t\t\t<div class=\"slideshow_title\">DSC_0014<\/div>\t\t\t\t\t\t\t\t\t\t\t<\/div>\r\n\t\t\t\t<\/div>\r\n\r\n\t\t\t\t\t\t<div style=\"clear: both;\"><\/div><\/div><div class=\"slideshow_view\">\r\n\t\t\t\t<div class=\"slideshow_slide slideshow_slide_image\">\r\n\t\t\t\t\t\t\t\t\t\t\t<img src=\"https:\/\/rings-production.be\/wp-content\/uploads\/2019\/02\/DSC_0052.jpg\" alt=\"DSC_0052\" width=\"3008\" height=\"2000\" \/>\r\n\t\t\t\t\t\t\t\t\t\t<div class=\"slideshow_description_box slideshow_transparent\">\r\n\t\t\t\t\t\t<div class=\"slideshow_title\">DSC_0052<\/div>\t\t\t\t\t\t\t\t\t\t\t<\/div>\r\n\t\t\t\t<\/div>\r\n\r\n\t\t\t\t\t\t<div style=\"clear: both;\"><\/div><\/div><div class=\"slideshow_view\">\r\n\t\t\t\t<div class=\"slideshow_slide slideshow_slide_image\">\r\n\t\t\t\t\t\t\t\t\t\t\t<img src=\"https:\/\/rings-production.be\/wp-content\/uploads\/2019\/02\/DSC_0076.jpg\" alt=\"DSC_0076\" width=\"3008\" height=\"2000\" \/>\r\n\t\t\t\t\t\t\t\t\t\t<div class=\"slideshow_description_box slideshow_transparent\">\r\n\t\t\t\t\t\t<div class=\"slideshow_title\">DSC_0076<\/div>\t\t\t\t\t\t\t\t\t\t\t<\/div>\r\n\t\t\t\t<\/div>\r\n\r\n\t\t\t\t\t\t<div style=\"clear: both;\"><\/div><\/div><div class=\"slideshow_view\">\r\n\t\t\t\t<div class=\"slideshow_slide slideshow_slide_image\">\r\n\t\t\t\t\t\t\t\t\t\t\t<img src=\"https:\/\/rings-production.be\/wp-content\/uploads\/2019\/02\/DSCN8282.jpg\" alt=\"DSCN8282\" width=\"3072\" height=\"2304\" \/>\r\n\t\t\t\t\t\t\t\t\t\t<div class=\"slideshow_description_box slideshow_transparent\">\r\n\t\t\t\t\t\t<div class=\"slideshow_title\">DSCN8282<\/div>\t\t\t\t\t\t\t\t\t\t\t<\/div>\r\n\t\t\t\t<\/div>\r\n\r\n\t\t\t\t\t\t<div style=\"clear: both;\"><\/div><\/div><div class=\"slideshow_view\">\r\n\t\t\t\t<div class=\"slideshow_slide slideshow_slide_image\">\r\n\t\t\t\t\t\t\t\t\t\t\t<img src=\"https:\/\/rings-production.be\/wp-content\/uploads\/2019\/02\/IMG_1588.jpg\" alt=\"IMG_1588\" width=\"3264\" height=\"2448\" \/>\r\n\t\t\t\t\t\t\t\t\t\t<div class=\"slideshow_description_box slideshow_transparent\">\r\n\t\t\t\t\t\t<div class=\"slideshow_title\">IMG_1588<\/div>\t\t\t\t\t\t\t\t\t\t\t<\/div>\r\n\t\t\t\t<\/div>\r\n\r\n\t\t\t\t\t\t<div style=\"clear: both;\"><\/div><\/div><div class=\"slideshow_view\">\r\n\t\t\t\t<div class=\"slideshow_slide slideshow_slide_image\">\r\n\t\t\t\t\t\t\t\t\t\t\t<img src=\"https:\/\/rings-production.be\/wp-content\/uploads\/2019\/03\/PETITE-GRUE-1.jpg\" alt=\"PETITE GRUE\" width=\"1440\" height=\"1080\" \/>\r\n\t\t\t\t\t\t\t\t\t\t<div class=\"slideshow_description_box slideshow_transparent\">\r\n\t\t\t\t\t\t<div class=\"slideshow_title\">PETITE GRUE<\/div>\t\t\t\t\t\t\t\t\t\t\t<\/div>\r\n\t\t\t\t<\/div>\r\n\r\n\t\t\t\t\t\t<div style=\"clear: both;\"><\/div><\/div><div class=\"slideshow_view\">\r\n\t\t\t\t<div class=\"slideshow_slide slideshow_slide_image\">\r\n\t\t\t\t\t\t\t\t\t\t\t<img src=\"https:\/\/rings-production.be\/wp-content\/uploads\/2019\/03\/IMG_5192.jpg\" alt=\"IMG_5192\" width=\"5616\" height=\"3744\" \/>\r\n\t\t\t\t\t\t\t\t\t\t<div class=\"slideshow_description_box slideshow_transparent\">\r\n\t\t\t\t\t\t<div class=\"slideshow_title\">IMG_5192<\/div>\t\t\t\t\t\t\t\t\t\t\t<\/div>\r\n\t\t\t\t<\/div>\r\n\r\n\t\t\t\t\t\t<div style=\"clear: both;\"><\/div><\/div>\r\n\t\t<\/div>\r\n\r\n\t\t<div class=\"slideshow_controlPanel slideshow_transparent\" style=\"display: none;\"><ul><li class=\"slideshow_togglePlay\" data-play-text=\"Play\" data-pause-text=\"Pause\"><\/li><\/ul><\/div>\r\n\r\n\t\t<div class=\"slideshow_button slideshow_previous slideshow_transparent\" role=\"button\" data-previous-text=\"Pr\u00e9c\u00e9dent\" style=\"display: none;\"><\/div>\r\n\t\t<div class=\"slideshow_button slideshow_next slideshow_transparent\" role=\"button\" data-next-text=\"Suivant\" style=\"display: none;\"><\/div>\r\n\r\n\t\t<div class=\"slideshow_pagination\" style=\"display: none;\" data-go-to-text=\"Go to slide\"><div class=\"slideshow_pagination_center\"><\/div><\/div>\r\n\r\n\t\t<!-- WordPress Slideshow Version 2.3.1 -->\r\n\r\n\t\t\t<\/div>\r\n\r\n\n\n\n<p><\/p>\n","protected":false},"excerpt":{"rendered":"<p>Je peux vous proposer pour toutes vos captations et autres r\u00e9alisations vid\u00e9o ce rail de travelling &#8220;Willy Go&#8221;. Il se compose de 12 m\u00e8tres de rails droits ainsi qu&#8217;un cercle complet de 3 m\u00e8tres 50 de diam\u00e8tre. Les rails droits pouvant se combiner aux rails courbes (1\/8 de cercle chacun). La seule exigence est d&#8217;avoir &hellip; <\/p>\n<p class=\"link-more\"><a href=\"https:\/\/rings-production.be\/index.php\/travelling\/\" class=\"more-link\">Continuer la lecture<span class=\"screen-reader-text\"> de &laquo;&nbsp;Travelling&nbsp;&raquo;<\/span><\/a><\/p>\n","protected":false},"author":1,"featured_media":0,"parent":0,"menu_order":0,"comment_status":"closed","ping_status":"closed","template":"","meta":{"footnotes":""},"_links":{"self":[{"href":"https:\/\/rings-production.be\/index.php\/wp-json\/wp\/v2\/pages\/360"}],"collection":[{"href":"https:\/\/rings-production.be\/index.php\/wp-json\/wp\/v2\/pages"}],"about":[{"href":"https:\/\/rings-production.be\/index.php\/wp-json\/wp\/v2\/types\/page"}],"author":[{"embeddable":true,"href":"https:\/\/rings-production.be\/index.php\/wp-json\/wp\/v2\/users\/1"}],"replies":[{"embeddable":true,"href":"https:\/\/rings-production.be\/index.php\/wp-json\/wp\/v2\/comments?post=360"}],"version-history":[{"count":15,"href":"https:\/\/rings-production.be\/index.php\/wp-json\/wp\/v2\/pages\/360\/revisions"}],"predecessor-version":[{"id":771,"href":"https:\/\/rings-production.be\/index.php\/wp-json\/wp\/v2\/pages\/360\/revisions\/771"}],"wp:attachment":[{"href":"https:\/\/rings-production.be\/index.php\/wp-json\/wp\/v2\/media?parent=360"}],"curies":[{"name":"wp","href":"https:\/\/api.w.org\/{rel}","templated":true}]}}